 -11b + 9?
-112
In base 7, what is -1006 - 4?
-1013
In base 2, what is 1001 + 100?
1101
In base 3, what is -12 - 100110122?
-100110211
In base 2, what is 10100011001111 - 1?
10100011001110
In base 16, what is 99 + 0?
99
In base 11, what is -3 - 699?
-6a1
In base 3, what is -2 - -1022?
1020
In base 12, what is -1 - -107?
106
In base 16, what is -9f - -2?
-9d
In base 13, what is -5 + 1a?
15
In base 10, what is 15 + 3?
18
In base 7, what is 3 - -255?
261
In base 4, what is -101 + 0?
-101
In base 13, what is -7 - 49?
-53
In base 13, what is -29 - -12a?
101
In base 6, what is 1121 - 212?
505
In base 6, what is 134 - -34?
212
In base 16, what is 0 - -5?
5
In base 2, what is 1010011010 + 0?
1010011010
In base 6, what is 214 - 4?
210
In base 13, what is 51 - -16?
67
In base 5, what is -1022 + 1?
-1021
In base 12, what is -26 - -7?
-1b
In base 6, what is 102040 + -5?
102031
In base 2, what is -100 - -1001?
101
In base 13, what is 2c + -29?
3
In base 7, what is -3 + -11?
-14
In base 13, what is -1 - -31?
30
In base 3, what is 100102 + 10?
100112
In base 6, what is 251 + 4?
255
In base 16, what is -3 - 2e?
-31
In base 7, what is -202 + -11?
-213
In base 9, what is 3 - 10?
-6
In base 11, what is 4 + 382?
386
In base 5, what is 23 - -124?
202
In base 4, what is 32212 - -20?
32232
In base 4, what is -3 + -2302?
-2311
In base 13, what is -948 - 3?
-94b
In base 10, what is -1067 - -5?
-1062
In base 8, what is 13 - -2311?
2324
In base 3, what is -100211201 - 10?
-100211211
In base 11, what is -218 + -3?
-220
In base 16, what is 3f + -29?
16
In base 16, what is -37d - 0?
-37d
In base 11, what is -3 - -37?
34
In base 9, what is -542 + -1?
-543
In base 5, what is 0 + -2?
-2
In base 11, what is 614 - 0?
614
In base 6, what is -2423 - -21?
-2402
In base 7, what is -305 - 20?
-325
In base 16, what is 6 - -35?
3b
In base 4, what is -1031 + 11?
-1020
In base 15, what is 4 - -1db?
1e0
In base 14, what is 2a6 - -5?
2ab
In base 3, what is -20 + -100?
-120
In base 10, what is 299 + 24?
323
In base 8, what is -4314 + 4?
-4310
In base 2, what is 11 - -101100?
101111
In base 13, what is -2 - -68?
66
In base 7, what is -55 - 40?
-125
In base 3, what is -11 + -1010?
-1021
In base 13, what is -6 - 3bc?
-3c5
In base 8, what is -42 + -200?
-242
In base 16, what is -24 - -11?
-13
In base 8, what is -475 - 3?
-500
In base 2, what is -1 - -111100?
111011
In base 12, what is a7 - 3?
a4
In base 2, what is -1000100010000 + -11?
-1000100010011
In base 6, what is 0 + 35144?
35144
In base 2, what is -101 + -1111?
-10100
In base 8, what is 4 - 0?
4
In base 14, what is -1 + -4a?
-4b
In base 5, what is -1 - 2203?
-2204
In base 12, what is 1 + 326?
327
In base 6, what is -34 - -2?
-32
In base 3, what is 110 - -201121?
202001
In base 13, what is -11 - 7?
-18
In base 5, what is 4 - 200?
-141
In base 8, what is 1365 + -21?
1344
In base 11, what is 33 - 36?
-3
In base 6, what is -2 - -25200?
25154
In base 10, what is 1 + 581?
582
In base 13, what is -b7 - -1c?
-98
In base 2, what is -1011 - -111?
-100
In base 3, what is -2200 - -10?
-2120
In base 16, what is 11e - -5?
123
In base 12, what is 1 + 28a?
28b
In base 10, what is 7860 - -1?
7861
In base 10, what is 0 - 8?
-8
In base 12, what is a8 + 2?
aa
In base 6, what is -1021 + 5?
-1012
In base 16, what is 4f2 - 2?
4f0
In base 14, what is b6 - 20?
96
In base 3, what is 0 - 1?
-1
In base 3, what is -2 + -1120?
-1122
In base 13, what is -4 - 25?
-29
In base 13, what is -b - 17?
-25
In base 15, what is -5b + -1b?
-77
In base 8, what is 100 + -4?
74
In base 10, what is 4 - -34?
38
In base 2, what is 101 + -1011?
-110
In base 16, what is 12a - -5?
12f
In base 6, what is -1 - 25?
-30
In base 8, what is -2 + -32?
-34
In base 16, what is -11 - -b?
-6
In base 9, what is 3 + 80?
83
In base 12, what is -3 - -70?
69
In base 14, what is -49 - 52?
-9b
In base 3, what is 1 + 10111?
10112
In base 10, what is 240 + -3?
237
In base 4, what is 22 - -111?
133
In base 13, what is -322 - 0?
-322
In base 7, what is 23 - -3?
26
In base 14, what is -a - 3?
-d
In base 9, what is 4 + 70?
74
In base 12, what is 1 - -841?
842
In base 5, what is 114 - -3?
122
In base 6, what is 1 - 2241?
-2240
In base 14, what is -1 + -6c?
-6d
In base 15, what is -10 - -1d?
d
In base 9, what is -22 - 3306?
-3328
In base 6, what is 1413 - -1?
1414
In base 10, what is -2 - 17?
-19
In base 3, what is 1 + 1221120?
1221121
In base 2, what is 1 + -101111?
-101110
In base 16, what is -fd + -15?
-112
In base 16, what is 0 - 12f?
-12f
In base 8, what is -3 + -112?
-115
In base 6, what is 3 + 14535?
14542
In base 12, what is bb5 + 5?
bba
In base 9, what is -41 - -1?
-40
In base 15, what is -5 + d2?
cc
In base 15, what is 7 + -19d?
-196
In base 13, what is 9c24 - 5?
9c1c
In base 3, what is -1220111 + -11?
-1220122
In base 9, what is 10 + -73?
-63
In base 7, what is -3340 - 0?
-3340
In base 11, what is -944 + -33?
-977
In base 10, what is -2 + -31?
-33
In base 14, what is -2 + 15d?
15b
In base 12, what is 7 + -15?
-a
In base 5, what is -1403 - 1?
-1404
In base 4, what is -2133 + -2220?
-11013
In base 10, what is 403 + 6?
409
In base 2, what is 1011 - 101?
110
In base 6, what is 1 + 331?
332
In base 9, what is 1 - -1661?
1662
In base 3, what is 21202 - 0?
21202
In base 6, what is -5 - -1314?
1305
In base 14, what is -5 - 648?
-64d
In base 11, what is 2 + 13?
15
In base 15, what is -7 - -1b?
14
In base 9, what is -73 - 223?
-306
In base 2, what is 111101 - 11110?
11111
In base 5, what is 13314 + -2?
13312
In base 5, what is 31 - 2?
24
In base 9, what is -12557 + -3?
-12561
In base 4, what is -31330 + 10?
-31320
In base 4, what is -102 - -2010?
1302
In base 16, what is 4 - 1a2?
-19e
In base 3, what is 110120002 - -10?
110120012
In base 7, what is 0 - -15545?
15545
In base 15, what is -3 + 11?
d
In base 16, what is -1 + -708?
-709
In base 15, what is 2b9 - -3?
2bc
In base 16, what is -3 + ce?
cb
In base 5, what is -4 + -31?
-40
In base 11, what is -1 + 11?
10
In base 12, what is 129 + 27?
154
In base 15, what is 9 + -1e5?
-1db
In base 12, what is -27 + -134?
-15b
In base 5, what is 44 - -21?
120
In base 5, what is -123243 - -4?
-123234
In base 6, what is 1520 + 2?
1522
In base 13, what is 2 + 97?
99
In base 13, what is 3 + -20c?
-209
In base 11, what is -1a72 + 4?
-1a69
In base 2, what is -1011 - 1101?
-11000
In base 8, what is 45 + 6?
53
In base 11, what is 6 - -4a?
55
In base 5, what is -10 - -244?
234
In base 9, what is 0 + 180?
180
In base 5, what is 31421 + -14?
31402
In base 10, what is 3 + -756?
-753
In base 15, what is 6 - 1d?
-17
In base 14, what is 0 - 56d?
-56d
In base 12, what is 11 - 3?
a
In base 13, what is -866 - 0?
-866
In base 12, what is 5 - 49?
-44
In base 15, what is 4 + -b8?
-b4
In base 7, what is -4 + 51?
44
In base 14, what is -1570 + -7?
-1577
In base 3, what is -20002 + -10?
-20012
In base 12, what is -23 + 9?
-16
In base 2, what is -100011 + 10?
-100001
In base 3, what is 1 - -202?
210
In base 9, what is -1 + 620?
618
In base 12, what is 11b + 24?
143
In base 11, what is 2249 + 2?
2250
In base 15, what is -1d4 + 4?
-1d0
In base 15, what is 44 - -5?
49
In base 6, what is -5 - -53?
44
In base 9, what is 0 - -5?
5
In base 8, what is -3153 - -1?
-3152
In base 2, what is 100 - -1?
101
In base 11, what is -3894 + -4?
-3898
In base 6, what is 3 - 101?
-54
In base 12, what is 3 + -2b?
-28
In base 15, what is 5 + 4?
9
In base 4, what is 0 - 100?
-100
In base 13, what is 26 - -13?
39
In base 9, what is 1 - -2356?
2357
In base 12, what is -58 + 5?
-53
In base 16, what is 88 - -1b?
a3
In base 16, what is 3 + -18?
-15
In base 14, what is 50 - -4?
54
In base 15, what is 2b + -1?
2a
In base 15, what is 5 - bee?
-be9
In base 14, what is 30 - -4?
34
In base 4, what is -132 - 0?
-132
In base 15, what is e83 - -2?
e85
In base 12, what is 4a - -4?
52
In base 15, what is -acd + -3?
-ad1
In base 14, what is -767 - -3?
-764
In base 14, what is 91 + -11?
80
In base 3, what is 10 - 22011021?
-22011011
In base 3, what is -1021 - -1?
-1020
In base 14, what is 5 - -1c7?
1cc
In base 13, what is 8 + -14?
-9
In base 12, what is 1071 + 3?
1074
In base 6, what is -200 - -4?
-152
In base 15, what is -4 - 39?
-3d
In base 12, what is -2a - -2?
-28
In base 13, what is -a83 - 3?
-a86
In base 10, what is 0 + -171?
-17